{"id":516,"date":"2018-08-08T12:15:39","date_gmt":"2018-08-08T12:15:39","guid":{"rendered":"http:\/\/masverdebenicalap.intertrafor.com\/?page_id=516"},"modified":"2019-03-12T12:47:30","modified_gmt":"2019-03-12T11:47:30","slug":"calendario","status":"publish","type":"page","link":"http:\/\/mesverdbenicalap.eu\/es\/calendario\/","title":{"rendered":"Calendario"},"content":{"rendered":"[vc_row type=\u00bbin_container\u00bb full_screen_row_position=\u00bbmiddle\u00bb scene_position=\u00bbcenter\u00bb text_color=\u00bbdark\u00bb text_align=\u00bbleft\u00bb top_padding=\u00bb20&#8243; bottom_padding=\u00bb50&#8243; overlay_strength=\u00bb0.3&#8243;][vc_column column_padding=\u00bbno-extra-padding\u00bb column_padding_position=\u00bball\u00bb background_color_opacity=\u00bb1&#8243; background_hover_color_opacity=\u00bb1&#8243; column_shadow=\u00bbnone\u00bb width=\u00bb1\/1&#8243; tablet_text_alignment=\u00bbdefault\u00bb phone_text_alignment=\u00bbdefault\u00bb column_border_width=\u00bbnone\u00bb column_border_style=\u00bbsolid\u00bb][vc_column_text]\n<h2 style=\"text-align: center;\">Calendario de actividades<\/h2>\n[\/vc_column_text]<div class=\"divider-wrap\"><div style=\"height: 50px;\" class=\"divider\"><\/div><\/div>[vc_column_text]\n<h4 style=\"color: #59cb27; text-align: center;\">\u00a1Consulta el calendario para ver qu\u00e9 actividades te interesan!<\/h4>\n[\/vc_column_text][\/vc_column][\/vc_row][vc_row type=\u00bbin_container\u00bb full_screen_row_position=\u00bbmiddle\u00bb scene_position=\u00bbcenter\u00bb text_color=\u00bbdark\u00bb text_align=\u00bbleft\u00bb bottom_padding=\u00bb50&#8243; overlay_strength=\u00bb0.3&#8243;][vc_column column_padding=\u00bbno-extra-padding\u00bb column_padding_position=\u00bball\u00bb background_color_opacity=\u00bb1&#8243; background_hover_color_opacity=\u00bb1&#8243; column_shadow=\u00bbnone\u00bb width=\u00bb1\/2&#8243; tablet_text_alignment=\u00bbdefault\u00bb phone_text_alignment=\u00bbdefault\u00bb column_border_width=\u00bbnone\u00bb column_border_style=\u00bbsolid\u00bb]<div class=\"img-with-aniamtion-wrap \" data-max-width=\"100%\"><div class=\"inner\"><img loading=\"lazy\" decoding=\"async\" data-shadow=\"none\" data-shadow-direction=\"middle\" class=\"img-with-animation \" data-delay=\"0\" height=\"478\" width=\"600\" data-animation=\"none\" src=\"http:\/\/mesverdbenicalap.eu\/wp-content\/uploads\/2018\/09\/semillero-grow-green-valencia.png\" srcset=\"http:\/\/mesverdbenicalap.eu\/wp-content\/uploads\/2018\/09\/semillero-grow-green-valencia.png 600w, http:\/\/mesverdbenicalap.eu\/wp-content\/uploads\/2018\/09\/semillero-grow-green-valencia-300x239.png 300w\" sizes=\"auto, 100vw\" alt=\"\" \/><\/div><\/div>[\/vc_column][vc_column column_padding=\u00bbno-extra-padding\u00bb column_padding_position=\u00bball\u00bb background_color_opacity=\u00bb1&#8243; background_hover_color_opacity=\u00bb1&#8243; column_shadow=\u00bbnone\u00bb width=\u00bb1\/2&#8243; tablet_text_alignment=\u00bbdefault\u00bb phone_text_alignment=\u00bbdefault\u00bb column_border_width=\u00bbnone\u00bb column_border_style=\u00bbsolid\u00bb][vc_column_text]Estos meses realizaremos diferentes actividades participativas: talleres, entrevistas, mapas comunitarios, paseos por el barrio, actividades escolares, cuestionarios o eventos p\u00fablicos, en los que podr\u00e1s participar de modo sencillo e inclusivo, respetuoso y responsable; compartiendo y aprendiendo de las dem\u00e1s personas, y sobretodo, \u00a1pas\u00e1ndolo bien! <span style=\"color: #59cb27;\"><strong>Puede<\/strong><\/span><span style=\"color: #59cb27;\"><strong>s consultar el calendario<\/strong><\/span> para ver qu\u00e9 actividades te interesan.[\/vc_column_text][\/vc_column][\/vc_row][vc_row type=\u00bbin_container\u00bb full_screen_row_position=\u00bbmiddle\u00bb scene_position=\u00bbcenter\u00bb text_color=\u00bbdark\u00bb text_align=\u00bbleft\u00bb overlay_strength=\u00bb0.3&#8243;][vc_column column_padding=\u00bbno-extra-padding\u00bb column_padding_position=\u00bball\u00bb background_color_opacity=\u00bb1&#8243; background_hover_color_opacity=\u00bb1&#8243; column_shadow=\u00bbnone\u00bb width=\u00bb1\/1&#8243; tablet_text_alignment=\u00bbdefault\u00bb phone_text_alignment=\u00bbdefault\u00bb column_border_width=\u00bbnone\u00bb column_border_style=\u00bbsolid\u00bb][vc_column_text]\t\t<div class=\"wcs-timetable__wrapper\">\n\t\t\t<div class=\"wcs-vue\" id=\"wcs-app-1\"><\/div>\n\t\t<\/div>\n\t\t[\/vc_column_text][\/vc_column][\/vc_row]\n","protected":false},"excerpt":{"rendered":"<p>[vc_row type=\u00bbin_container\u00bb full_screen_row_position=\u00bbmiddle\u00bb scene_position=\u00bbcenter\u00bb text_color=\u00bbdark\u00bb text_align=\u00bbleft\u00bb top_padding=\u00bb20&#8243; bottom_padding=\u00bb50&#8243; overlay_strength=\u00bb0.3&#8243;][vc_column column_padding=\u00bbno-extra-padding\u00bb column_padding_position=\u00bball\u00bb background_color_opacity=\u00bb1&#8243; background_hover_color_opacity=\u00bb1&#8243; column_shadow=\u00bbnone\u00bb width=\u00bb1\/1&#8243; tablet_text_alignment=\u00bbdefault\u00bb phone_text_alignment=\u00bbdefault\u00bb column_border_width=\u00bbnone\u00bb column_border_style=\u00bbsolid\u00bb][vc_column_text] Calendario de actividades [\/vc_column_text][vc_column_text] \u00a1Consulta el calendario para ver qu\u00e9 actividades&#8230;<\/p>\n","protected":false},"author":1,"featured_media":0,"parent":0,"menu_order":0,"comment_status":"closed","ping_status":"closed","template":"","meta":{"footnotes":""},"class_list":["post-516","page","type-page","status-publish","hentry"],"_links":{"self":[{"href":"http:\/\/mesverdbenicalap.eu\/es\/wp-json\/wp\/v2\/pages\/516\/"}],"collection":[{"href":"http:\/\/mesverdbenicalap.eu\/es\/wp-json\/wp\/v2\/pages\/"}],"about":[{"href":"http:\/\/mesverdbenicalap.eu\/es\/wp-json\/wp\/v2\/types\/page\/"}],"author":[{"embeddable":true,"href":"http:\/\/mesverdbenicalap.eu\/es\/wp-json\/wp\/v2\/users\/1\/"}],"replies":[{"embeddable":true,"href":"http:\/\/mesverdbenicalap.eu\/es\/wp-json\/wp\/v2\/comments\/?post=516"}],"version-history":[{"count":15,"href":"http:\/\/mesverdbenicalap.eu\/es\/wp-json\/wp\/v2\/pages\/516\/revisions\/"}],"predecessor-version":[{"id":2301,"href":"http:\/\/mesverdbenicalap.eu\/es\/wp-json\/wp\/v2\/pages\/516\/revisions\/2301\/"}],"wp:attachment":[{"href":"http:\/\/mesverdbenicalap.eu\/es\/wp-json\/wp\/v2\/media\/?parent=516"}],"curies":[{"name":"wp","href":"https:\/\/api.w.org\/{rel}","templated":true}]}}

[vc_row type=»in_container» full_screen_row_position=»middle» scene_position=»center» text_color=»dark» text_align=»left» top_padding=»20&#8243; bottom_padding=»50&#8243; overlay_strength=»0.3&#8243;][vc_column column_padding=»no-extra-padding» column_padding_position=»all» background_color_opacity=»1&#8243; background_hover_color_opacity=»1&#8243; column_shadow=»none» width=»1/1&#8243; tablet_text_alignment=»default» phone_text_alignment=»default» column_border_width=»none» column_border_style=»solid»][vc_column_text]
<h2 style="text-align: center;">Calendario de actividades</h2>
[/vc_column_text]<div class="divider-wrap"><div style="height: 50px;" class="divider"></div></div>[vc_column_text]
<h4 style="color: #59cb27; text-align: center;">¡Consulta el calendario para ver qué actividades te interesan!</h4>
[/vc_column_text][/vc_column][/vc_row][vc_row type=»in_container» full_screen_row_position=»middle» scene_position=»center» text_color=»dark» text_align=»left» bottom_padding=»50&#8243; overlay_strength=»0.3&#8243;][vc_column column_padding=»no-extra-padding» column_padding_position=»all» background_color_opacity=»1&#8243; background_hover_color_opacity=»1&#8243; column_shadow=»none» width=»1/2&#8243; tablet_text_alignment=»default» phone_text_alignment=»default» column_border_width=»none» column_border_style=»solid»]<div class="img-with-aniamtion-wrap " data-max-width="100%"><div class="inner"><img loading="lazy" decoding="async" data-shadow="none" data-shadow-direction="middle" class="img-with-animation " data-delay="0" height="478" width="600" data-animation="none" src="http://mesverdbenicalap.eu/wp-content/uploads/2018/09/semillero-grow-green-valencia.png" srcset="http://mesverdbenicalap.eu/wp-content/uploads/2018/09/semillero-grow-green-valencia.png 600w, http://mesverdbenicalap.eu/wp-content/uploads/2018/09/semillero-grow-green-valencia-300x239.png 300w" sizes="auto, 100vw" alt="" /></div></div>[/vc_column][vc_column column_padding=»no-extra-padding» column_padding_position=»all» background_color_opacity=»1&#8243; background_hover_color_opacity=»1&#8243; column_shadow=»none» width=»1/2&#8243; tablet_text_alignment=»default» phone_text_alignment=»default» column_border_width=»none» column_border_style=»solid»][vc_column_text]Estos meses realizaremos diferentes actividades participativas: talleres, entrevistas, mapas comunitarios, paseos por el barrio, actividades escolares, cuestionarios o eventos públicos, en los que podrás participar de modo sencillo e inclusivo, respetuoso y responsable; compartiendo y aprendiendo de las demás personas, y sobretodo, ¡pasándolo bien! <span style="color: #59cb27;"><strong>Puede</strong></span><span style="color: #59cb27;"><strong>s consultar el calendario</strong></span> para ver qué actividades te interesan.[/vc_column_text][/vc_column][/vc_row][vc_row type=»in_container» full_screen_row_position=»middle» scene_position=»center» text_color=»dark» text_align=»left» overlay_strength=»0.3&#8243;][vc_column column_padding=»no-extra-padding» column_padding_position=»all» background_color_opacity=»1&#8243; background_hover_color_opacity=»1&#8243; column_shadow=»none» width=»1/1&#8243; tablet_text_alignment=»default» phone_text_alignment=»default» column_border_width=»none» column_border_style=»solid»][vc_column_text]		<div class="wcs-timetable__wrapper">
			<div class="wcs-vue" id="wcs-app-1"></div>
		</div>
		[/vc_column_text][/vc_column][/vc_row]

<p>[vc_row type=»in_container» full_screen_row_position=»middle» scene_position=»center» text_color=»dark» text_align=»left» top_padding=»20&#8243; bottom_padding=»50&#8243; overlay_strength=»0.3&#8243;][vc_column column_padding=»no-extra-padding» column_padding_position=»all» background_color_opacity=»1&#8243; background_hover_color_opacity=»1&#8243; column_shadow=»none» width=»1/1&#8243; tablet_text_alignment=»default» phone_text_alignment=»default» column_border_width=»none» column_border_style=»solid»][vc_column_text] Calendario de actividades [/vc_column_text][vc_column_text] ¡Consulta el calendario para ver qué actividades&#8230;</p>
